et z(t) = t**2 + 3013*t - 282479. Determine z(91).
-15
Let p(o) = -2*o**3 + 230*o**2 - 3266*o + 26594. What is p(100)?
-6
Let d(j) = -4412*j + 101514. What is d(23)?
38
Let y(j) = j**3 + 158*j**2 - 830*j + 132. Determine y(5).
57
Let c(m) = 21039*m - 63133. Give c(3).
-16
Let n(b) = -b**3 - 175*b**2 - 3681*b + 1712. Determine n(-25).
-13
Let s(r) = -r**3 + 124*r**2 - 248*r + 15249. Give s(123).
-126
Let j(z) = -z**3 - 2*z**2 + 175*z - 1606. Determine j(9).
-922
Let a(o) = -9*o**2 + 237*o - 999. Calculate a(17).
429
Let w(j) = -233*j**3 - 901*j**2 - 21*j - 15. What is w(-4)?
565
Let x(u) = -672*u**2 - 3*u - 18. Calculate x(-1).
-687
Let s(p) = p**2 - 33*p - 2366. Give s(68).
14
Let p(r) = 8580*r - 1209662. Determine p(141).
118
Let x(f) = -f**3 + 27*f**2 + 18*f + 170. What is x(28)?
-110
Let x(c) = -c**2 - 1635*c + 34667. What is x(21)?
-109
Let l(k) = 159831*k - 5274408. What is l(33)?
15
Let i(w) = 7*w**2 + 10*w - 73. Determine i(-16).
1559
Let b(u) = -33847*u + 101478. Calculate b(3).
-63
Let j(b) = 2*b**2 - 475*b + 3878. Calculate j(8).
206
Let q(f) = f**3 + 311*f**2 + 3872*f - 162. What is q(-298)?
434
Let s(a) = 8*a**2 - 162*a - 302. Give s(23).
204
Let m(z) = -9*z**3 + 88*z**2 - 43*z - 134. Give m(9).
46
Let m(n) = -n**2 + 648*n + 4751. Give m(-7).
166
Let j(x) = 72*x**2 + 14253*x - 44047. Calculate j(-201).
-28
Let f(i) = 1015*i**2 - 8651*i - 4367. Give f(9).
-11
Let k(l) = 9170*l - 174593. What is k(19)?
-363
Let f(b) = -6805*b - 224302. Calculate f(-33).
263
Let q(v) = 2*v**3 - 38*v**2 + 220*v - 5637. What is q(21)?
747
Let s(z) = -37*z**2 - 228*z - 8. What is s(-7)?
-225
Let z(n) = -58244*n**2 + 349452*n + 61. Calculate z(6).
-11
Let h(k) = -k**3 - 3*k**2 + 23259*k - 774. Give h(151).
-19
Let d(t) = 2970*t - 29703. Determine d(10).
-3
Let j(k) = 605*k - 2298. Determine j(7).
1937
Let o(w) = 43178*w - 302251. Give o(7).
-5
Let y(b) = -5*b**2 + 415702*b + 831402. Give y(-2).
-22
Let c(v) = 39179*v + 6190294. Calculate c(-158).
12
Let w(l) = -9*l**3 + 41*l**2 + 109*l + 59. What is w(-2)?
77
Let l(h) = 2*h**3 + 279*h**2 + 153*h + 1653. Determine l(-139).
-293
Let c(l) = -l**3 + 6*l**2 - 91*l + 179. Give c(5).
-251
Let w(m) = 15618*m - 234970. What is w(15)?
-700
Let m(y) = 2247*y + 15198. What is m(-6)?
1716
Let q(l) = 122*l**3 + 6*l**2 + 2*l - 40. Calculate q(-3).
-3286
Let a(w) = 9*w**2 + 26*w - 13305. Determine a(37).
-22
Let p(h) = -5510*h + 115802. Determine p(21).
92
Let i(j) = -29591*j - 30. Give i(0).
-30
Let d(w) = -153*w**2 - 624*w + 14. Calculate d(-4).
62
Let h(m) = 34*m**2 - 1138*m + 751. Calculate h(32).
-849
Let w(x) = -x**3 - 84*x**2 + 344*x - 1151. Determine w(-88).
-447
Let w(n) = -n**3 + 6*n**2 + 297*n + 342. What is w(-14)?
104
Let m(v) = -v**2 + 196860*v + 984320. What is m(-5)?
-5
Let t(k) = -475*k - 1790. Give t(-2).
-840
Let a(o) = 42*o**2 - 333*o - 508. What is a(9)?
-103
Let v(q) = -8*q + 3756. What is v(28)?
3532
Let g(o) = o**2 - 569*o + 64920. Determine g(411).
-18
Let r(h) = -91*h**2 - 2089*h + 15828. Determine r(6).
18
Let p(j) = -292*j**2 - 465*j - 3. Calculate p(-2).
-241
Let y(l) = -l**3 + 17*l**2 + 5120*l - 87061. Determine y(17).
-21
Let f(r) = 4*r**2 - 3956*r - 1127301. Give f(1220).
-21
Let h(i) = -2*i**3 - 3*i**2 + 33*i - 93. Give h(8).
-1045
Let f(y) = -y**2 - 1097*y - 245386. What is f(-313)?
6
Let v(a) = 52*a + 4481. What is v(-86)?
9
Let a(q) = -91*q**2 - 1180*q + 1314. What is a(-14)?
-2
Let m(s) = 328*s + 164834. Determine m(-503).
-150
Let t(s) = -172*s - 2892. Give t(-20).
548
Let a(n) = 10*n**3 - 13*n**2 - 33*n + 217. Determine a(6).
1711
Let d(k) = -7*k**3 - 238*k**2 + k + 101. Give d(-34).
67
Let j(o) = -32*o**2 - 520*o - 2096. What is j(-9)?
-8
Let r(m) = 60*m**2 - 6029*m + 41742. What is r(93)?
-15
Let b(p) = -11*p**3 + 6*p**2 - 124*p + 353. Give b(3).
-262
Let h(t) = 2*t**2 + 126*t - 2383. Give h(-73).
-923
Let y(q) = -40*q**2 + 435*q - 667. What is y(9)?
8
Let j(v) = -3*v**3 - 39*v**2 - 70*v - 87. What is j(-11)?
-43
Let o(d) = -143*d + 712. What is o(6)?
-146
Let v(q) = -q**3 + 104*q**2 - 854*q + 24. Calculate v(9).
33
Let d(y) = 1944*y + 12077. Give d(-6).
413
Let x(c) = 37*c**3 - 175*c**2 - 51*c + 13. Determine x(5).
8
Let x(f) = 9*f**3 + 33*f**2 + f + 8. What is x(-4)?
-44
Let f(o) = 41*o**2 - 192*o + 1204. Give f(11).
4053
Let q(x) = -2*x**3 - 17*x**2 + 384*x + 2739. Give q(-7).
-96
Let f(a) = 55629*a - 1112660. Give f(20).
-80
Let v(t) = -2*t**3 - 689*t**2 - 1378*t + 10. Determine v(-2).
26
Let a(t) = t**2 + 265*t - 80598. Give a(181).
128
Let j(q) = 24*q - 2081. Calculate j(33).
-1289
Let t(h) = 8188*h + 81322. What is t(-10)?
-558
Let a(x) = -x**3 + 514*x**2 + 497*x + 9271. Give a(515).
1
Let p(o) = 888*o + 2837. Calculate p(-3).
173
Let n(k) = -4*k**2 + 52*k + 54. What is n(-20)?
-2586
Let d(w) = 4*w**3 + 1485*w**2 + 495*w + 46011. Give d(-371).
7
Let m(s) = -380*s - 3489. Give m(-8).
-449
Let a(i) = 131062*i + 2227993. Determine a(-17).
-61
Let a(u) = -u**3 + 18*u**2 - 3*u + 48. Give a(12).
876
Let j(t) = -215894*t + 4965521. What is j(23)?
-41
Let c(d) = -d**3 - 51*d**2 - 101*d + 117. Calculate c(0).
117
Let r(f) = -7*f**2 - 6040*f - 128678. Determine r(-841).
-5
Let m(z) = z**3 + 15*z**2 + 57*z + 270. Give m(-11).
127
Let i(q) = -q**3 - 94*q**2 + 1197*q - 467. Give i(11).
-5
Let d(z) = -z**3 - 41*z**2 - 164*z + 43. Calculate d(-5).
-37
Let z(l) = -21*l**3 - 101*l**2 - 8*l - 156. What is z(-5)?
-16
Let g(a) = 4837*a - 19354. What is g(4)?
-6
Let h(v) = -231608*v - 3242464. Give h(-14).
48
Let c(o) = 56*o**3 - 4927*o**2 - 88*o - 113. Calculate c(88).
-113
Let c(l) = -l**3 - 151*l**2 - 134*l + 1130. Give c(-150).
-1270
Let d(t) = t**3 + 21*t**2 - 3*t + 123. Determine d(-17).
1330
Let r(y) = -y**3 + 137*y**2 - 442*y + 5364. What is r(134)?
4
Let j(i) = -23*i**2 + 184*i + 245. Calculate j(9).
38
Let v(b) = -b**3 - 92*b**2 - 1957*b - 3760. Determine v(-29).
10
Let m(o) = 2282*o - 415217. Calculate m(182).
107
Let m(j) = 12493*j + 187402. Calculate m(-15).
7
Let r(w) = -w**2 - 1052*w - 11451. Calculate r(-11).
0
Let d(j) = -1480*j + 38533. Determine d(26).
53
Let m(s) = -18100*s - 18107. What is m(-1)?
-7
Let x(s) = s**3 - 3*s**2 + 79*s + 388. Calculate x(-4).
-40
Let j(d) = 5*d**2 + 40452*d - 121397. What is j(3)?
4
Let z(q) = 50653*q + 4102900. Determine z(-81).
7
Let c(a) = 72*a**2 + 35003*a + 5358. Give c(-486).
12
Let h(y) = 464984*y - 464985. Give h(1).
-1
Let i(n) = n**3 + 12058*n**2 + 108434*n - 22. Calculate i(-9).
41
Let m(t) = t**2 + 23189*t + 208626. What is m(-9)?
6
Let v(m) = m**2 - 166*m - 45122. What is v(-145)?
-27
Let q(w) = -3*w**3 + 1146*w**2 - 13318*w - 767. Calculate q(370).
-27
Let d(u) = -110*u**2 + 2637*u - 48. Determine d(24).
-120
Let u(x) = -x**3 - 2*x**2 - 33*x - 817. Calculate u(-9).
47
Let l(k) = 1193*k + 37880. What is l(-32)?
-296
Let p(l) = -l**3 - 77*l**2 - 115*l + 591. Give p(-75).
-2034
Let y(o) = -14*o - 558. What is y(7)?
-656
Let i(t) = -1549545*t - 17044992. What is i(-11)?
3
Let i(s) = -4*s**2 + 359*s - 7230. Calculate i(31).
55
Let i(x) = -x**2 + 536*x - 5715. What is i(11)?
60
Let z(p) = 31876*p + 63753. What is z(-2)?
1
Let c(i) = i**3 - 119*i**2 - 242*i - 169. Calculate c(121).
-169
Let o(f) = -118*f**2 - 11798*f + 198. Calculate o(-100).
-2
Let q(y) = 3*y**2 + 174*y - 3595. Determine q(20).
1085
Let g(o) = 5*o**3 + 45*o**2 + 44*o + 349. Determine g(-9).
-47
Let y(i) = -i**3 - i**2 + i. Give y(10).
-1090
Let r(u) = -124*u**2 + 209*u - 786. Give r(5).
-2841
Let m(o) = -87*o**2 + 5092*o - 9839. What is m(2)?
-3
Let g(o) = -5126*o - 266571. Determine g(-52).
-19
Let r(h) = -h**3 - 53*h**2 - 151*h + 1352. Calculate r(-49).
-853
Let p(j) = -85733*j + 5143975. Determine p(60).
-5
Let i(r) = 111728*r - 335232. Give i(3).
-48
Let p(g) = -g**3 - 60*g**2 - 408*g - 286. Give p(-7).
-27
Let n(v) = 8665*v + 138640. Give n(-16).
0
Let g(q) = 77*q**2 - 3339*q + 1205. Give g(43).
1
Let j(h) = -10627*h - 265679. Determine j(-25).
-4
Let s(q) = q**3 + 623*q**2 + 96162*q - 2. Calculate s(-282).
-2
Let n(c) = 144*c - 9225. What is n(68)?
567
Let i(k) = 49680*k + 49675. Calculate i(-1).
-5
Let v(n) = 387*n + 22482. Give v(-58).
36
Let p(l) = 202*l**2 + 148*l + 4. Determine p(2).
1108
Let m(x) = -2864*x**2 + 51553*x + 4. Give m(18).
22
Let l(u) = -2*u